{"id":2,"date":"2011-08-03T09:48:03","date_gmt":"2011-08-03T09:48:03","guid":{"rendered":"http:\/\/laplagnelocations.fr\/montchavin\/?page_id=2"},"modified":"2016-12-19T16:49:07","modified_gmt":"2016-12-19T16:49:07","slug":"accueil","status":"publish","type":"page","link":"https:\/\/www.laplagnelocations.fr\/montchavin\/","title":{"rendered":"Accueil"},"content":{"rendered":"<p><strong>Les locations Le Sabot de V\u00e9nus sont situ\u00e9es dans une station-village familiale, conviviale et sportive de charme : Montchavin.<\/strong><\/p>\n<p>Nous vous accueillons dans nos <strong>appartements<\/strong> et <strong>chalets<\/strong>, <strong>confortables et authentiques<\/strong>, d\u2019une capacit\u00e9 de 4 \u00e0 12 personnes, et d&#8217;une superficie allant de 35m<sup>2<\/sup> \u00e0 150m<sup>2<\/sup>, <strong>au pied des pistes<\/strong> et \u00e0 proximit\u00e9 des commerces.<\/p>\n<p>Dans un cadre unique au c\u0153ur de <strong>Paradiski<\/strong>, <strong>domaine skiable<\/strong> gigantesque pouvant accueillir skieurs d\u00e9butants et confirm\u00e9s :<\/p>\n<p style=\"padding-left: 30px;\">&#8211; Entre les <strong>stations de ski<\/strong> de <strong>La Plagne<\/strong> et <strong>Les Arcs<\/strong> reli\u00e9es par le Vanoise Express, <strong>venez profiter des joies de la neige et de la glisse en hiver<\/strong>.<br \/>\n&#8211; A proximit\u00e9 du <strong>Parc National de la Vanoise<\/strong>, face au <strong>Mont-Blanc<\/strong>, dans un v\u00e9ritable \u00e9crin de fleurs, <strong>d\u00e9couvrez aussi nos montagnes l&#8217;\u00e9t\u00e9<\/strong> !<\/p>\n<p style=\"padding-left: 60px;\">&nbsp;<\/p>\n","protected":false},"excerpt":{"rendered":"<p>Les locations Le Sabot de V\u00e9nus sont situ\u00e9es dans une station-village familiale, conviviale et sportive de charme : Montchavin. Nous vous accueillons dans nos appartements et chalets, confortables et authentiques, d\u2019une capacit\u00e9 de 4 \u00e0 12 personnes, et d&#8217;une superficie allant de 35m2 \u00e0 150m2, au pied des pistes et \u00e0 proximit\u00e9 des commerces. Dans &hellip; <a href=\"https:\/\/www.laplagnelocations.fr\/montchavin\/\" class=\"more-link\">Continuer la lecture<span class=\"screen-reader-text\"> de &laquo;&nbsp;Accueil&nbsp;&raquo;<\/span><\/a><\/p>\n","protected":false},"author":5,"featured_media":0,"parent":0,"menu_order":0,"comment_status":"closed","ping_status":"closed","template":"","meta":{"_acf_changed":false,"ngg_post_thumbnail":0,"footnotes":""},"class_list":["post-2","page","type-page","status-publish","hentry"],"acf":[],"_links":{"self":[{"href":"https:\/\/www.laplagnelocations.fr\/montchavin\/wp-json\/wp\/v2\/pages\/2"}],"collection":[{"href":"https:\/\/www.laplagnelocations.fr\/montchavin\/wp-json\/wp\/v2\/pages"}],"about":[{"href":"https:\/\/www.laplagnelocations.fr\/montchavin\/wp-json\/wp\/v2\/types\/page"}],"author":[{"embeddable":true,"href":"https:\/\/www.laplagnelocations.fr\/montchavin\/wp-json\/wp\/v2\/users\/5"}],"replies":[{"embeddable":true,"href":"https:\/\/www.laplagnelocations.fr\/montchavin\/wp-json\/wp\/v2\/comments?post=2"}],"version-history":[{"count":15,"href":"https:\/\/www.laplagnelocations.fr\/montchavin\/wp-json\/wp\/v2\/pages\/2\/revisions"}],"predecessor-version":[{"id":480,"href":"https:\/\/www.laplagnelocations.fr\/montchavin\/wp-json\/wp\/v2\/pages\/2\/revisions\/480"}],"wp:attachment":[{"href":"https:\/\/www.laplagnelocations.fr\/montchavin\/wp-json\/wp\/v2\/media?parent=2"}],"curies":[{"name":"wp","href":"https:\/\/api.w.org\/{rel}","templated":true}]}}