{"id":15,"date":"2011-08-03T12:27:51","date_gmt":"2011-08-03T12:27:51","guid":{"rendered":"http:\/\/www.laplagnelocations.fr\/montchavin\/?page_id=15"},"modified":"2016-11-17T14:40:32","modified_gmt":"2016-11-17T14:40:32","slug":"ete","status":"publish","type":"page","link":"https:\/\/www.laplagnelocations.fr\/montchavin\/activites\/ete\/","title":{"rendered":"Activit\u00e9s \u00e9t\u00e9"},"content":{"rendered":"<p>&#8211; Le Bureau des Guides de Montchavin et Jean-Michel\u00a0vous proposent : initiation \u00e0 la marche sur glacier, course en montagne et pourquoi pas l\u2019ascension du Mont Blanc, \u00e9cole d&#8217;escalade, via ferrata, canyoning&#8230;<\/p>\n<p><a href=\"http:\/\/www.laplagnelocations.fr\/montchavin\/wp-content\/uploads\/2011\/08\/ete-011.jpg\"><img loading=\"lazy\" decoding=\"async\" class=\"alignright size-medium wp-image-151\" title=\"Activit\u00e9s \u00e9t\u00e9 \u00e0 Montchavin\" src=\"http:\/\/www.laplagnelocations.fr\/montchavin\/wp-content\/uploads\/2011\/08\/ete-011-300x225.jpg\" alt=\"Activit\u00e9s \u00e9t\u00e9 \u00e0 La Plagne - Montchavin\" width=\"300\" height=\"225\" srcset=\"https:\/\/www.laplagnelocations.fr\/montchavin\/wp-content\/uploads\/2011\/08\/ete-011-300x225.jpg 300w, https:\/\/www.laplagnelocations.fr\/montchavin\/wp-content\/uploads\/2011\/08\/ete-011.jpg 750w\" sizes=\"(max-width: 300px) 85vw, 300px\" \/><\/a>&#8211; Pour les amoureux de la nature la moyenne montagne avec tout le domaine de La Plagne et des environs vous attend : flore, faune et cristaux. Il ne tient qu&#8217;\u00e0 vous de venir les d\u00e9couvrir au fil des sentiers lors de vos balades.<\/p>\n<p>&#8211; Pour les amoureux de la culture le chemin du baroque vous r\u00e9servera surprises et \u00e9merveillements de place en place.<\/p>\n<p>&#8211; Le centre nautique, espace pro et ludique est l\u00e0 pour votre confort, pour une meilleure r\u00e9cup\u00e9ration des fatigues de la journ\u00e9e dans le SPA \u00e9tudi\u00e9 \u00e0 cet effet ou tout simplement pour une remise en forme tout en douceur dans les bassins de natation \u00e9tudi\u00e9s pour les &#8220;grands&#8221; et les &#8220;petits&#8221;.<\/p>\n<p>&#8211; Une pl\u00e9iade d&#8217;activit\u00e9s pour tous les \u00e2ges et tous les go\u00fbts est propos\u00e9e par l&#8217;OT : patinoire, stage de cirque, piste de luge d&#8217;\u00e9t\u00e9&#8230; des \u00e9v\u00e8nements comme (le mariage d&#8217;autrefois, d\u00e9fil\u00e9 d&#8217;un cort\u00e8ge form\u00e9 par des savoyards en tenues d&#8217;\u00e9poque ch\u00e2les brod\u00e9s, fronti\u00e8res, bijoux authentiques, animations, puis repas savoyard, qui feront na\u00eetre de vos vacances \u00e0 Montchavin, une seule id\u00e9e : y revenir&#8230;<\/p>\n","protected":false},"excerpt":{"rendered":"<p>&#8211; Le Bureau des Guides de Montchavin et Jean-Michel\u00a0vous proposent : initiation \u00e0 la marche sur glacier, course en montagne et pourquoi pas l\u2019ascension du Mont Blanc, \u00e9cole d&#8217;escalade, via ferrata, canyoning&#8230; &#8211; Pour les amoureux de la nature la moyenne montagne avec tout le domaine de La Plagne et des environs vous attend : &hellip; <a href=\"https:\/\/www.laplagnelocations.fr\/montchavin\/activites\/ete\/\" class=\"more-link\">Continuer la lecture<span class=\"screen-reader-text\"> de &laquo;&nbsp;Activit\u00e9s \u00e9t\u00e9&nbsp;&raquo;<\/span><\/a><\/p>\n","protected":false},"author":5,"featured_media":0,"parent":11,"menu_order":20,"comment_status":"closed","ping_status":"closed","template":"","meta":{"_acf_changed":false,"ngg_post_thumbnail":0,"footnotes":""},"class_list":["post-15","page","type-page","status-publish","hentry"],"acf":[],"_links":{"self":[{"href":"https:\/\/www.laplagnelocations.fr\/montchavin\/wp-json\/wp\/v2\/pages\/15"}],"collection":[{"href":"https:\/\/www.laplagnelocations.fr\/montchavin\/wp-json\/wp\/v2\/pages"}],"about":[{"href":"https:\/\/www.laplagnelocations.fr\/montchavin\/wp-json\/wp\/v2\/types\/page"}],"author":[{"embeddable":true,"href":"https:\/\/www.laplagnelocations.fr\/montchavin\/wp-json\/wp\/v2\/users\/5"}],"replies":[{"embeddable":true,"href":"https:\/\/www.laplagnelocations.fr\/montchavin\/wp-json\/wp\/v2\/comments?post=15"}],"version-history":[{"count":8,"href":"https:\/\/www.laplagnelocations.fr\/montchavin\/wp-json\/wp\/v2\/pages\/15\/revisions"}],"predecessor-version":[{"id":295,"href":"https:\/\/www.laplagnelocations.fr\/montchavin\/wp-json\/wp\/v2\/pages\/15\/revisions\/295"}],"up":[{"embeddable":true,"href":"https:\/\/www.laplagnelocations.fr\/montchavin\/wp-json\/wp\/v2\/pages\/11"}],"wp:attachment":[{"href":"https:\/\/www.laplagnelocations.fr\/montchavin\/wp-json\/wp\/v2\/media?parent=15"}],"curies":[{"name":"wp","href":"https:\/\/api.w.org\/{rel}","templated":true}]}}